t is the remainder when w is divided by 45?
40
Let w(n) = -81*n**2 - 612*n + 4. What is the remainder when 1341 is divided by w(-7)?
65
Let y(q) = -q**3 - 11*q**2 - 27*q + 2. Let o be y(-7). What is the remainder when ((-54)/o)/((-4)/(160/(-12))) is divided by 18?
0
Suppose -3*t = 4*i - 14, -3*t - t = -4*i. Let p(w) = -4 + 6 - 40*w + i. Calculate the remainder when p(-4) is divided by 42.
38
Let j(o) be the first derivative of o**4/4 + 22*o**3/3 + 6*o**2 + 39*o + 94. Calculate the remainder when j(-21) is divided by 33.
30
Let l = 5 - 1. Suppose 4*p + l*m - 288 = 0, -315 = -p - 3*p + 5*m. What is the remainder when p is divided by 7?
5
Let a(g) = 6*g**2 - 77*g - 164. Calculate the remainder when 6423 is divided by a(-2).
11
Let w be (-6)/(-21) - (-34952)/119. Suppose 12*y - 19*y = -w. What is the remainder when y is divided by 29?
13
Suppose -1118 + 671 = 3*y - 4*y. What is the remainder when y is divided by 12?
3
Let t(j) = -j**3 + 35*j**2 + 4380*j - 180. Let s = 3 - -13. What is the remainder when t(-51) is divided by s?
14
Calculate the remainder when (6/5)/((-6)/(-20)) is divided by (-114)/12*(-186)/589.
1
Calculate the remainder when 729 is divided by ((-2)/((-8)/(-1198)) + 2)*220/(-275).
15
Suppose -14*u + 49*u = 0. Suppose -24*t + 55 + 17 = u. What is the remainder when 14 is divided by t?
2
Let c(i) = -2*i**3 - 12*i**2 + 8*i + 48. Let b be c(-9). Suppose 23*y - b = y. Calculate the remainder when y is divided by 12.
9
Suppose 2*i = -3*p + 203 - 10, -2*i - 67 = -p. Suppose 2*u + 149 = h - 43, 2*h - 5*u - 384 = 0. Calculate the remainder when h is divided by p.
62
Let o = -3532 + 3584. Let y be 8/(-28) + 65/7. Suppose -t + y = -18. What is the remainder when o is divided by t?
25
Let f = -4172 + 4215. What is the remainder when 682 is divided by f?
37
Suppose 4*x + 31 = 235. What is the remainder when x is divided by (18*12/64)/(465/(-120) + 4)?
24
Suppose 3*a = -14 + 65. What is the remainder when a is divided by (-1*5)/(-126 + 125)?
2
Suppose 2*d + 2*d - 3*j = 1187, 0 = d - 3*j - 281. Calculate the remainder when 501 is divided by d.
199
Let a(k) = 234*k + 9275. Calculate the remainder when a(-32) is divided by 32.
27
Let v = -32304 + 36308. What is the remainder when v is divided by 211?
206
Suppose -l + 15 + 41 = 0. Let t be (-216)/(-4) - 12/(-3). Suppose -p = p - t. Calculate the remainder when l is divided by p.
27
What is the remainder when -9 + -2 + 4 + -5 + -1 + 394 is divided by 12?
9
Suppose -2*f + 76 + 82 = 0. Let q = -218443 - -218758. What is the remainder when q is divided by f?
78
Let x(r) = r**3 + 8*r**2 + 12*r + 4. Let w(o) = 18*o - 61. What is the remainder when w(4) is divided by x(-6)?
3
Let w = -207 - -209. Suppose w*j + 104 = 28*j. Calculate the remainder when -3*((-40)/(-3))/(-4) is divided by j.
2
Let q be 20/(10/(-2)) - 44. Let m = 63 + q. Suppose -y + 69 + 23 = -a, -y = 5*a - 68. What is the remainder when y is divided by m?
13
Let q be (-17)/((-748)/1089)*(-8)/(-2). Suppose 4*t + q = o, 4*o - 155 - 227 = 2*t. Calculate the remainder when o is divided by 50.
45
Let q = 296 - 312. Let f(d) = -4*d + 148. Calculate the remainder when f(q) is divided by 43.
40
Let t(r) = -1 - 6*r + 3*r + 6. What is the remainder when ((-4)/8*-4 - 2) + 7 is divided by t(0)?
2
Suppose 0 = 48*t - 4889 - 13974 - 7009. What is the remainder when t is divided by 88?
11
Let r(t) = -106*t - 3. Let z be r(2). Calculate the remainder when 98 is divided by (-43)/z + 178/10.
8
Let x = -35 - -61. Suppose -129*u + 13560 = -20603 + 9653. Calculate the remainder when u is divided by x.
8
Let x = 57 - 51. Suppose x*v + 5*v - 4840 = 0. Calculate the remainder when v is divided by 49.
48
Let z = 3190 - 3187. Let u(a) = a**2 - 5*a + 4. Let k be u(6). Suppose 0 = 5*h - k*h + 10. What is the remainder when z is divided by h?
1
Let y = 149 - 149. Suppose -5*u + 8*u - 387 = y. Calculate the remainder when u is divided by 10.
9
Suppose 50 = 2*z + 4*f, -z + 3*f - f + 17 = 0. Let o = 165 - -322. Let b = o + -453. Calculate the remainder when b is divided by z.
13
Let d(k) = 24*k + 134. Suppose 6*q = 8 - 38. What is the remainder when 136 is divided by d(q)?
10
Suppose -2*k = 3*k - 3*o - 19129, 2*k + o = 7645. What is the remainder when k is divided by 45?
44
Let h(g) be the first derivative of -g**4/2 + 5*g**3 - 3*g**2/2 + 17*g + 56. What is the remainder when 134 is divided by h(7)?
44
Suppose -440*f - 176*f = -6776. Let m(y) = -7*y - 7. Let o be m(6). Let t = o + 89. Calculate the remainder when t is divided by f.
7
Suppose -2*x + u = -0*u - 85, 5*x - 2*u = 210. Let f = x - 28. Suppose 0 = f*k - 8*k - 276. What is the remainder when k is divided by 24?
21
Suppose -5*f = 3*c - 7557, -14*c - 12 = -17*c. What is the remainder when f is divided by 34?
13
Suppose 0 = 2*t - v - 91, -19*t - 3*v + 275 = -502. Calculate the remainder when 15707 is divided by t.
41
Let j be (312 - (-3 - -2 - -2)) + -2. Suppose 0 = -8*p + j + 643. Calculate the remainder when p is divided by 43.
33
Let w = 152 + 20. Suppose -l + 4*s = -36, -58 = 809*l - 811*l + s. Suppose l*k - 26*k - w = 0. What is the remainder when k is divided by 24?
14
Suppose -3*x + 36 = -63. Calculate the remainder when x is divided by 3 - -2 - (-15 - 0)/3.
3
Let x(m) = -10 + 8*m**2 - 4*m**2 + 10*m**2 + 0 + 6*m. What is the remainder when 222 is divided by x(2)?
48
Let i(c) = -235*c - 2508. What is the remainder when i(-19) is divided by 54?
13
Calculate the remainder when (-3559809)/(-66) - 33/(-22) is divided by 372.
370
Let p = 3478 - 3408. Calculate the remainder when 525 is divided by p.
35
Let t be 1/(-8) - (12 - 7145/8). Let q = t - 572. Calculate the remainder when q is divided by 52.
49
Let z(r) = -r**2 + 18*r + 3. Let n be z(9). Suppose -n*c - 29 = -85*c. Calculate the remainder when c is divided by 462/28*2/3.
7
Let o(t) = -11*t - 20. Let n(w) = w**2 - 2. Let d be n(2). Let g = -4 - d. What is the remainder when o(g) is divided by 12?
10
Let v(q) = -14 + 43 + 0*q**2 - 36*q - q**2 - 14. What is the remainder when v(-34) is divided by 21?
20
Let s(t) = 4*t**2 - 7*t**2 - 3*t + 136*t**3 + 8 - 135*t**3 - 3*t**2. What is the remainder when s(7) is divided by (2/(-5))/((-2)/40)?
4
Let r = -35 - -252. Calculate the remainder when r is divided by 22.
19
Calculate the remainder when -28*-20*(-285)/(-266) is divided by 83.
19
Let n = 26 - 12. Suppose -2*b + b = -2*r + 9, 0 = 5*r - 4*b - 21. Suppose o - c - 24 = 2*c, 0 = -5*o - r*c + 140. What is the remainder when o is divided by n?
13
Let d = 414 - 100. What is the remainder when -3 + d + 2*5/(-2) is divided by 44?
42
Let w be ((-39)/26)/(3/(-4)). Suppose w*k + 136 = 2*t, 2*k + 2*k = -3*t + 239. Calculate the remainder when 289 is divided by t.
70
Let n(d) = -16*d - 6. Let c be (-2)/(-4)*24/(-4). What is the remainder when 334 is divided by n(c)?
40
Let v = 37811 - 35173. What is the remainder when v is divided by 376?
6
Suppose 0 = -4*c + 3*f + 88, -5*f = -6*c + 4*c + 58. Calculate the remainder when 220/(1 + 1) + (7 - 5) is divided by c.
17
Let o be (70/(-28))/(1/(-2)). Suppose 0 = 3*a - o*a + 48. Calculate the remainder when 140 is divided by a.
20
What is the remainder when 38/(0 - (2 - 4)) is divided by (-10)/(-715)*11 + (-48)/(-26)?
1
Let d = 179 + -177. Suppose -20 = -d*n - 3*i + 18, -58 = -4*n + 3*i. What is the remainder when n is divided by 9?
7
Let l(z) = z**2 - 10*z + 24. Let d be l(11). Suppose -5*f - 61 = 2*m, -f = -m + f - d. Calculate the remainder when (m + -11)/(1*-1) is divided by 16.
12
Suppose 20*c - 16*c - 880 = 0. Let m = 333 - c. What is the remainder when m is divided by 2050/70 + 2/(-7)?
26
Suppose -29*s - 28*s + 9471 = 20*s. What is the remainder when 205 is divided by s?
82
Let u(a) = 62*a**2 - a - 2. Suppose 2*i - 10*i = 16. What is the remainder when u(i) is divided by 10?
8
Suppose 5*f - 2*f = 123. Suppose -18 = l + f. Let t = l - -79. What is the remainder when 117 is divided by t?
17
Let o(l) = 15*l**3 + 2*l**2 + l - 3. Let n = 21 + -12. Suppose 0 = 3*h + 6 - n. What is the remainder when 101 is divided by o(h)?
11
Suppose 5*q - 4*z = 390, 4*q - z - z = 312. What is the remainder when q is divided by 6/(-9) - (-444)/18?
6
Calculate the remainder when 20/(-25) - (-458)/10 is divided by (-48)/72*(-225)/6.
20
Suppose -13*u =